rue
Let v(s) = 5*s**2 - 2*s + 1. Let t be v(1). Suppose 35 = -t*b + 207. Is b a composite number?
False
Suppose 0 = g + 3, 3*k + 4*g - 179 = 2*k. Is k a composite number?
False
Is (2/4)/((-2)/(-508)) a prime number?
True
Let f be (-130)/(-8) + 2/(-8). Suppose w + f = 5*w. Suppose -154 = -w*u + 50. Is u prime?
False
Let f = 12 + -8. Suppose -f*t + 180 = 40. Suppose 3*m - t = -2*m. Is m composite?
False
Suppose -2*f - 37 = -3*f. Is f composite?
False
Let g = 3 - 31. Let s be 1/4 + 287/g. Is (-2)/(-4) + (-125)/s a composite number?
False
Suppose -v = -2*z + 353, 3*z + 273 = -2*v + 820. Is z prime?
True
Let s(l) = 3*l + 7. Is s(4) a composite number?
False
Suppose -5*x + 156 + 259 = 0. Is x a prime number?
True
Suppose 318 = h + 25. Is h prime?
True
Suppose 3*l - 3*b = -3, -2*b + 1 + 5 = 0. Suppose 0 = -r - 2*a + 49 + 34, l*r = -a + 160. Is r composite?
False
Let q = -4 + 4. Suppose 0 = -4*k - q*k + 60. Is k prime?
False
Let u(z) = 3*z**2 + 13*z + 31. Is u(19) composite?
False
Let f(m) be the third derivative of m**7/2520 + m**6/180 - m**5/60 - m**4/12 + 2*m**2. Let g(d) be the second derivative of f(d). Is g(3) a prime number?
True
Let x = 1 - -4. Suppose -x*u + 4*m = -36, -4*u + 0*m + 8 = 2*m. Suppose -u*g + 313 = -0*g + 5*h, -67 = -g - 5*h. Is g a composite number?
True
Let i = 367 + -64. Is i a composite number?
True
Is 2/(-4)*59*(-24 + -22) a composite number?
True
Let s(y) = y**2 + y + 1. Let a be s(0). Let m = 5 - a. Is m composite?
True
Let r(h) = 379*h**3 + 2*h - 2. Is r(1) prime?
True
Let z be (-2 + -74)/((-2)/(-16)). Let j = z + 979. Is j a prime number?
False
Suppose -11*a + 30 = -9*a. Is 516/a + 10/(-25) composite?
True
Let a be ((-11)/(-5))/((-2)/(-10)). Suppose -a*f = -6*f - 175. Is f prime?
False
Is (-2637)/(-18)*(0 + 2) prime?
True
Suppose -213 = -4*u + u. Let x = -12 + u. Is x a composite number?
False
Let i = 40 - -45. Is i a composite number?
True
Let r(l) = l**2 + 6*l - 4. Let z be r(-7). Suppose 8*w - 3*w - 1109 = -2*m, 4*m = -z*w + 2225. Is m a composite number?
False
Suppose -4*x - 49 = -5*x. Let h be (-1358)/x + 2/(-7). Let k = 113 + h. Is k a prime number?
False
Suppose 7*l - 5*l - 337 = -c, -2*c + 682 = -4*l. Is c a composite number?
True
Suppose -v + 373 + 98 = b, 1888 = 4*v + 2*b. Is v a composite number?
True
Let f(n) = 6*n + 3. Let j(x) = -x**2 + x + 2. Let h be j(3). Let c = 7 + h. Is f(c) composite?
True
Suppose -9*i = -8*i - 799. Is i prime?
False
Let a be -2 + 2 + -4 + -2. Is (4/a)/(4/(-546)) prime?
False
Suppose -5*t + 5300 - 1305 = 0. Is t composite?
True
Let s be 3/12*2*0. Is (66/8 - s)*4 a composite number?
True
Let i(u) = u**3 + 8*u**2 - 6*u + 5. Let y = -7 + 11. Suppose y*t = s - 29, t + s = -8 - 3. Is i(t) a prime number?
True
Let g = -1 - -7. Is (2292/36)/(2/g) prime?
True
Let c be (23/4)/(5/20). Suppose -c - 106 = -3*s. Is s prime?
True
Let d(s) = -s**3 + s - 5. Let b(x) = x**3 + 7*x**2 + 7*x - 3. Let q be b(-6). Let f be 3/(q/15) - -1. Is d(f) a prime number?
False
Let d(f) = 5*f. Let b be d(4). Let t = -13 + b. Suppose -t*m + 155 = -2*m. Is m composite?
False
Is (3 + -6 + -16)*-19 a composite number?
True
Let s = 111 - 74. Is s a prime number?
True
Let o = 7 + -2. Let a(z) = z**2 - 3*z - 4. Is a(o) composite?
True
Suppose 2*z + 5*u - 7 = 16, -3*z + 3 = -3*u. Let g be (2/z)/((-1)/2). Let k(p) = -11*p**3 - p**2. Is k(g) prime?
False
Let f = -18 - -25. Let t(g) = g**2 + 8*g + 7. Let i be t(-7). Suppose i = -f*s + 4*s + 105. Is s prime?
False
Let p(w) = 199*w - 1. Let x be p(1). Let a = -474 + x. Is (2/(-6))/(2/a) a composite number?
True
Suppose n = -4*u - n + 2700, n = -4. Is u a prime number?
True
Suppose 2*u = -4*r - 12, 0 = -3*u + 8*u + 20. Let s = 1 + r. Suppose -4*a + 13 + 119 = s. Is a composite?
True
Let b(p) = 7*p**2 - 3*p - 1. Let u be b(3). Let l = u + -34. Is l prime?
True
Suppose 0 = -5*n - 3*f, -2*n + 0*f - 2*f = 4. Let i be 1 + 55 + 0/n. Let b = i + -19. Is b composite?
False
Let a(d) = 2*d**2 + 10*d + 2. Let y be a(-8). Suppose 130 = 5*h + y. Let l = 27 + h. Is l composite?
False
Let k(w) = 14*w**3 + 2*w - 1. Let d be k(1). Is 6/d + 633/5 composite?
False
Is 2/(-1 + (-957)/(-951)) prime?
True
Let h(m) = 627*m + 20. Is h(3) a prime number?
True
Suppose -3*g = -6*g + 36. Suppose 6*s - g = 3*s. Is s prime?
False
Let u = 0 + 127. Is u a composite number?
False
Suppose 235 = 5*q + 3*d + d, 3*q - 5*d - 141 = 0. Is q a composite number?
False
Suppose 3827 + 631 = 6*a. Is a prime?
True
Let j(v) = v + 155. Let x be j(0). Let s be (-1)/(-2) + x/10. Suppose -3*d + s = -29. Is d composite?
True
Let x be (-2)/(-1) + (0 - -18). Suppose -5 = 5*r - x. Suppose 38 = 5*t - r*t. Is t a prime number?
True
Suppose 3*p - 99 = -3*q, -121 = -3*q - 2*p - 18. Is q composite?
False
Let c be ((-6)/(-4))/(1/2). Suppose -c*j = j + 52. Let a = j - -68. Is a prime?
False
Let g = 172 - 30. Is g composite?
True
Is (-15650)/(-20) - 6/4 composite?
True
Suppose -4*d = -1846 - 1606. Is d a composite number?
False
Is 640/(-2 - -6) + -1 a composite number?
True
Suppose -5*c + 111 + 364 = 0. Is c prime?
False
Let c = 3254 - 1371. Is c prime?
False
Let d = 9 + -7. Suppose c = d*c - 139. Is c a prime number?
True
Let m(g) = 7 - g + 4*g**2 - 7. Let h be m(-1). Suppose 3*d = d - h*p + 174, -61 = -d + 4*p. Is d a composite number?
True
Suppose -10*z + 2*k = -8*z - 294, 0 = -3*k - 6. Is z a composite number?
True
Suppose 330 = -0*i + 5*i. Let v = i - 23. Is v a prime number?
True
Let h(s) = 8*s**2 + 4 + s**3 + 8 - 10. Let w be h(-8). Suppose -w*g = 3*g - 10. Is g a prime number?
True
Is 1 - (54928/(-36) - 6/27) a prime number?
False
Let v(z) be the second derivative of z**4/4 + z**3/6 + 7*z**2/2 - 2*z. Is v(7) prime?
False
Let v = 4188 + -1871. Is v prime?
False
Suppose 10 + 6 = 2*k + 5*o, -5*o = -k + 8. Suppose 14 = 5*s + u, -5*u - 6 = -3*s - k*u. Suppose -5*a + 42 = -s. Is a composite?
True
Let r = 16 - -79. Suppose 3*a = 8*a - r. Is a a prime number?
True
Let o(q) = -q + 4. Let d be o(0). Suppose 0 = k - 0*k + d. Is 45 - (k + -1 + 3) a prime number?
True
Suppose k + 2*k = 216. Let s be (-17)/2*24/(-3). Suppose -s = -4*b + k. Is b a prime number?
False
Suppose -2 = -2*u + 4. Suppose -g = 2*k - u - 3, 4*k - 18 = -5*g. Is 39/1 - (0 + g) a prime number?
True
Is (141 + -10)/(2/2) prime?
True
Let f = 9 - 4. Let x be 0 - (2 - (-2)/(-1)). Suppose f*g + 0*g - 385 = x. Is g prime?
False
Let c(i) = -i + 3. Let k be c(4). Is (2 - 1) + k + 3 prime?
True
Let k(v) = v**3 - v**2 - v + 3. Let u be k(0). Suppose -231 = -u*n + 372. Is n composite?
True
Suppose 11*v - 6*v = -5*f + 2265, 4*f - 3*v - 1847 = 0. Is f prime?
False
Let u(k) = -9*k**3 - 23*k**2 + 7*k + 1. Let t(r) be the third derivative of -r**6/24 - r**5/5 + r**4/6 + 2*r**2. Let j(s) = 11*t(s) - 6*u(s). Is j(6) composite?
True
Suppose -2*j - 2*j = 5*w + 626, 2*j + 124 = -w. Is (-2)/(-9) + (-26558)/w composite?
False
Let d(t) = 3*t - 3. Let a be d(2). Let u be 1 + 1*(-2 + a). Suppose -u*q - 5*z - 33 = -207, -3*z = -4*q + 348. Is q a composite number?
True
Let s(r) = r**2 - 5*r - 5. Let u be s(-4). Suppose v - u = -9. Is v prime?
False
Let n(k) be the first derivative of k**4/4 + 10*k**3/3 - 11*k**2/2 + 11*k - 3. Is n(-9) prime?
True
Suppose -2*o = -5 + 1. Let j be ((-25)/o)/((-1)/6). Suppose 3*z = -0*z + j. Is z prime?
False
Suppose -v + 1 = -1. Suppose -7*b + v*b = 0. Suppose b = 3*i + i - 132. Is i a prime number?
False
Suppose 0 = 5*z - 9*z + 3972. Is z composite?
True
Suppose -y + 4*l = 141, -3*y - 2*l - 159 = -2*y. Let a = -42 - y. Is a a prime number?
False
Let f = 3 + -34. Suppose -5*b - 2 = -4*b. Is (f/2)/(b/4) a prime number?
True
Let b = 11 - 8. Suppose -b*t = -t - 118. Is t prime?
True
Let j = 552 + -199. Is j a prime number?
True
Is 2*328/40*(-50)/(-4) composite?
True
Let k = 1417 + -414. Is k composite?
True
Suppose 3*g - 2 = 10. Is (-2 + g)*98/4 composite?
True
Is (-2273)/(-6) + 7/42 a prime number?
True
Let u(n) = 41*n**2 + 4*n + 5. Is u(-2) prime?
False
Suppose -5*o + 4*p - 434 = -3311, -2*p = 5*o - 2859. Is o prime?
False
Suppose 4*n - 1585 = -f, -3*f - 1822 = -3*n - 622. Is n a prime number?
True
Suppose 176 = -3*w - 97. Let v = -58 - w. Suppose -12 = -3*y + v. Is y a prime number?
False
Let y(z) = 670*z - 57. Is y(4) a composite number?
True
Let x be 1*(0 - (4 + -2)). 